t k be a(-7). Let w be (y - k)*(3 + -2). What is the greatest common divisor of 2 and w?
1
Let l(g) = -2*g + 8. Let w be l(-8). Let q = 35 - 38. Let p be 0/q - (7 - 10). Calculate the highest common factor of w and p.
3
Let i(n) = n**2 - 4*n + 8. Let f(s) = -s**3 - 14*s**2 + 14*s - 10. Let p be f(-15). Let y be i(p). What is the greatest common factor of 39 and y?
13
Let n(y) = 2*y - 7. Suppose -12 = -2*g - 2*k, g + 4 - 7 = 2*k. Let p be (0 + g)*(2 + -1). Let q be n(p). Calculate the greatest common divisor of q and 2.
1
Suppose 2*v - 43 = -c, -5*c = -3*v + 6*v - 75. Let u(n) = n**3 - 12*n**2 - 35*n + 30. Let z be u(15). What is the greatest common factor of v and z?
20
Let y be 2/4*(-2 - -62). Let t = -393 - -468. What is the highest common divisor of t and y?
15
Suppose -5*v + 4*x = -880, 0 = x - 8 + 3. Calculate the highest common divisor of 100 and v.
20
Let b be 3 + (1 - -2)*-9. Let o = b - -31. Let u be 65 + -5 - 3*-1. Calculate the greatest common divisor of u and o.
7
Let b(d) = -d**3 + 2*d**2 - d. Let t be b(-2). Suppose 0 = 4*a + 2*a. Let k be (30 - (a + 0))*6. What is the greatest common factor of t and k?
18
Let c = 1349 + -1290. Calculate the greatest common divisor of 1475 and c.
59
Let b = 174 + -43. Let h = 31 + b. What is the highest common divisor of 18 and h?
18
Let i(v) = v**2 - 12*v - 94. Let l be i(21). Calculate the highest common divisor of l and 95.
95
Suppose 0 = 3*o + 5 - 44. Suppose w + 234 = 3*r - 37, w + 89 = r. What is the greatest common divisor of r and o?
13
Let s = -507 + 1172. What is the highest common divisor of s and 19?
19
Let d = -61 + 68. Suppose d*y - 231 = 154. What is the greatest common divisor of y and 5?
5
Suppose -5*s - 5 = -3*d - 48, 2*d + 5*s + 12 = 0. Let u(y) = -5*y - 35. Let k be u(d). What is the highest common divisor of 60 and k?
20
Suppose -5*r - 42 = 2*u - 249, -125 = -3*r - u. Let f = 47 + r. Calculate the highest common factor of 18 and f.
18
Let m = 284 - 264. Suppose -n = 5*o - 50, 3*o - 33 + 3 = 3*n. Calculate the highest common factor of o and m.
10
Let i = -24 - -37. Calculate the highest common divisor of i and 416.
13
Let n(o) = 6 + 4 - 5 - o**2 - 7*o + 3*o**2. Let m be n(4). What is the greatest common divisor of m and 81?
9
Let x = -380 + 233. Let c = -107 - x. What is the greatest common factor of c and 24?
8
Let u(t) = 92*t + 8. Let o be u(4). Suppose -638 - o = -6*b. Calculate the greatest common divisor of 13 and b.
13
Suppose 4*t - t = 36. Let v be (2 + -2)/(1 + 1). Let i be -2*(v + -1 + 9/(-3)). Calculate the greatest common divisor of i and t.
4
Suppose -4*m - 465 = -k, 0*k - 4*k - 3*m = -1936. Calculate the greatest common factor of 74 and k.
37
Let h(z) = 2*z + 2. Let q be h(2). Suppose 2*u = 15*u - 39. What is the highest common divisor of u and q?
3
Let w = 18 + 27. Suppose 0 = -3*a + a + 2. Let x(b) = 14*b**2 + 1. Let l be x(a). Calculate the greatest common divisor of l and w.
15
Let w(u) = -37*u + 604. Let s be w(16). Calculate the highest common factor of 3072 and s.
12
Suppose -2*t + 68 = 4*p - 24, 5*p - 3*t = 126. Let w be -3*(-1 + (-1)/3). Suppose w*u - u = 24. What is the highest common divisor of u and p?
8
Let m be (-12 + -92)/((-4)/8). Calculate the greatest common factor of 143 and m.
13
Suppose 3*l + 2*m + 2810 = 1022, -4*m = 12. Let r be 0 + 0 - 2/1. Let f be r/(-6)*l/(-9). What is the highest common factor of 66 and f?
22
Suppose 0*s - y = s - 20, 84 = 4*s + 5*y. Let c(x) = -x**3 + 11*x**2 - 4*x + 2. Let d be c(9). What is the greatest common factor of s and d?
16
Let b be 0 + 0 - (4 + 416)/(-7). Suppose -68 = -4*o - 20. Calculate the greatest common factor of o and b.
12
Let i be (663/68)/((-5)/((-420)/9)). Calculate the greatest common factor of 208 and i.
13
Let i(k) = 32*k + 79. Let o be i(-2). Calculate the highest common factor of o and 345.
15
Let c(z) = 11*z + 2. Let t be c(7). Suppose -r - 3*i - 44 = 0, -5*r + 2*i - 262 = 3*i. Let y = t + r. What is the greatest common divisor of y and 13?
13
Let u = 273 - 188. Let s be ((-56)/(-5))/(17/u). Calculate the greatest common factor of s and 84.
28
Let j = 13 + -16. Let o(r) = -39*r - 1. Let p(i) = 77*i + 2. Let b(u) = j*p(u) - 5*o(u). Let c be b(-1). What is the greatest common factor of c and 14?
7
Let x(l) = l + 4. Suppose -5*v + 5*w = 10, 2*v + 2*w - 6 = 6. Let s be x(v). Calculate the greatest common factor of 6 and s.
6
Let c(q) = q**3 + 8*q**2 + 13*q + 14. Let n be c(-5). What is the highest common factor of 42 and n?
6
Let a be 8/(-20)*1*25. Let c = -13 - a. Let z be 190/c*6/(-4). Calculate the greatest common divisor of 38 and z.
19
Let i = 10 + -7. Suppose -5*v - 3*l = 8 - 23, -3*v - i*l + 3 = 0. Let q be (-26)/(-117) + (-428)/(-18). What is the highest common factor of q and v?
6
Suppose 0 = 3*h - 568 + 208. What is the highest common divisor of h and 10?
10
Let i(x) = -3*x - 6. Let y be i(-2). Suppose 6*n - 2*n - 40 = y. What is the highest common factor of 50 and n?
10
Suppose 5*l - 4*m = 2252, -2*l - 5*m + 192 + 689 = 0. Calculate the greatest common factor of l and 16.
16
Suppose 0 = u + n - 27, 4*u - 3*n = -u + 103. Let o = -19 + u. Calculate the highest common divisor of o and 12.
4
Suppose 8*p - 5396 = 1204. Calculate the greatest common divisor of p and 15.
15
Let c = 23 + -12. Let b be c*(15 - 4 - 4). What is the highest common factor of b and 11?
11
Suppose 0 = -s - 3*s + 8. Suppose 0*c = 2*c + 10, 15 = 4*a + 5*c. What is the highest common divisor of a and s?
2
Suppose -2*g = -4*g. Let x be (g + -2)*(10 + -4). Let a be 1 + (0 - 4) - x. Calculate the highest common divisor of a and 18.
9
Let y(u) = -186*u + 1. Let m be y(-1). Suppose t = 2*o + 12, -o - 3 = -t + 7. Suppose -6*a + t*a = 34. Calculate the highest common divisor of m and a.
17
Suppose -4*i = -17 - 67. What is the greatest common divisor of 35 and i?
7
Suppose 14 = -11*h + 69. Calculate the greatest common factor of 135 and h.
5
Let v = 120 - 96. What is the highest common divisor of v and 1584?
24
Let j(r) = 4*r**2 - 41*r - 89. Let w be j(19). What is the highest common factor of w and 32?
32
Let t(w) = -w**2 + 25*w - 102. Let y be t(15). Let b(h) = -h**3 - 4*h**2 + 3*h + 2. Let i be b(-5). What is the highest common divisor of i and y?
12
Let h = -7203 + 7247. Let k = -30 + 52. What is the highest common divisor of k and h?
22
Let i = -91 - -165. Let v(m) = 276*m + 4. Let l be v(2). Let y be l/3 - (-15)/(-45). Calculate the highest common divisor of i and y.
37
Let q(s) = -s**2 - 7*s - 1. Let c be q(-2). Suppose -2*n + 3*w + 2*w + 12 = 0, 4*w = -2*n - 6. What is the greatest common divisor of n and c?
1
Let x(y) = y**3 - y**2 - 6*y. Let z be x(-2). Suppose z = 9*i - 141 - 12. What is the greatest common factor of 85 and i?
17
Let o be -45*1*(-16)/((-16)/(-21)). Calculate the greatest common factor of 35 and o.
35
Let t be (-15)/6*-2 - (5 - 7). Let v = -28 + 49. Calculate the greatest common divisor of v and t.
7
Suppose 412*d = 406*d + 219 + 837. Suppose -4*c = -0*c + 4, 0 = -3*z - 5*c + 61. What is the greatest common factor of d and z?
22
Let g be -18*((-148)/(-36) - 9). Calculate the greatest common divisor of 77 and g.
11
Let v(y) = 13*y**2 - 14*y + 48. Let h be v(3). What is the highest common divisor of 41 and h?
41
Let y(r) = 9*r + 1. Suppose 3*a + 4 = 7*a. Let s be y(a). Let u(n) = -n**3 - 11*n**2 - 11*n. Let i be u(-10). What is the highest common divisor of i and s?
10
Let w = 50 + 15. Calculate the greatest common factor of 26 and w.
13
Let f = 3 - 0. Suppose n + 1 + f = 0. Let a be (-10)/n + 6/(-4). What is the greatest common factor of a and 6?
1
Let i be -8*4/24*(-1 + -2). Let z(k) = -4*k - 4. Let y be z(-3). Let b = 9 - y. Calculate the greatest common divisor of b and i.
1
Let j = 819 + -609. Let g(l) = -l**2 - 11*l. Let u be g(-5). Calculate the highest common divisor of u and j.
30
Suppose -25*m = -1094 - 5206. What is the highest common divisor of m and 288?
36
Let r(o) = -7*o + 36. Let l be r(5). Calculate the highest common divisor of 61 and l.
1
Suppose 68*m - 754 = 39*m. Suppose -39 = 4*h - 5*h. Calculate the highest common divisor of h and m.
13
Suppose -2*t + 196 = 5*k, 2*k - 2*t - 101 = -17. What is the highest common divisor of k and 180?
20
Let v be ((-1)/(21/9))/(3/(-63)). Calcu